{"id":7,"date":"2024-10-15T15:29:25","date_gmt":"2024-10-15T15:29:25","guid":{"rendered":"https:\/\/krp-zkch.ovh\/?page_id=7"},"modified":"2024-12-04T23:24:25","modified_gmt":"2024-12-04T23:24:25","slug":"doswiadczenie-2","status":"publish","type":"page","link":"https:\/\/kancelariakostkiewicz.pl\/index.php\/doswiadczenie-2\/","title":{"rendered":"Do\u015bwiadczenie"},"content":{"rendered":"\n<div style=\"height:100px\" aria-hidden=\"true\" class=\"wp-block-spacer\"><\/div>\n\n\n\n<div class=\"wp-block-columns is-layout-flex wp-container-core-columns-is-layout-9d6595d7 wp-block-columns-is-layout-flex\">\n<div class=\"wp-block-column is-layout-flow wp-block-column-is-layout-flow\">\n<h2 class=\"wp-block-heading margin-bottom-30\">Zofia Kostkiewicz-Chulist <\/h2>\n\n\n\n<h5 class=\"wp-block-heading\">absolwentka Wydzia\u0142u Prawa i Administracji na kierunku prawo oraz Studi\u00f3w Podyplomowych Prawa Gospodarczego i Handlowego Uniwersytetu Wroc\u0142awskiego<\/h5>\n\n\n\n<div style=\"height:20px\" aria-hidden=\"true\" class=\"wp-block-spacer\"><\/div>\n\n\n\n<h5 class=\"wp-block-heading\">radca prawny wpisana na list\u0119 Rady Okr\u0119gowej Izby Radc\u00f3w Prawnych we Wroc\u0142awiu w 2015 roku<\/h5>\n\n\n\n<div style=\"height:20px\" aria-hidden=\"true\" class=\"wp-block-spacer\"><\/div>\n\n\n\n<hr class=\"wp-block-separator has-text-color has-alpha-channel-opacity has-background\" style=\"background-color:#00556d;color:#00556d\"\/>\n\n\n\n<p>Praktyk\u0105 prawnicz\u0105, kt\u00f3r\u0105 rozpocz\u0119\u0142am jeszcze przed studiami, zajmuj\u0119 si\u0119 nieprzerwanie od 2004 roku. Wieloletni okres wsp\u00f3\u0142pracy z kancelariami prowadzonymi przez radc\u00f3w prawnych i adwokat\u00f3w na terytorium ca\u0142ego kraju pozwoli\u0142 mi na ugruntowanie specjalistycznej wiedzy, oraz na poznaniu wymaga\u0144, jakie stawia si\u0119 profesjonalnemu pe\u0142nomocnikowi. W swojej pracy uwzgl\u0119dniam potrzeby klient\u00f3w oraz indywidualne podej\u015bcie do zleconych spraw z poczuciem odpowiedzialno\u015bci.<\/p>\n\n\n\n<div style=\"height:20px\" aria-hidden=\"true\" class=\"wp-block-spacer\"><\/div>\n\n\n\n<p>Specjalizuj\u0119 si\u0119 w szeroko rozumianym prawie cywilnym i gospodarczym. Bra\u0142am udzia\u0142 w procesach budowlanych oraz zwi\u0105zanych z obrotem nieruchomo\u015bciami. Na sali s\u0105dowej sta\u0142am po stronie zar\u00f3wno deweloper\u00f3w jak i nabywc\u00f3w lokali mieszkalnych czy te\u017c inwestor\u00f3w i wykonawc\u00f3w, w szczeg\u00f3lno\u015bci w procesach zwi\u0105zanych z wadami budynk\u00f3w. Skutecznie prowadzi\u0142am procesy przeciwko przedsi\u0119biorstwom przesy\u0142owym. Uczestniczy\u0142am w negocjacjach um\u00f3w zawieranych w ramach proces\u00f3w inwestycyjnych. Opiniowa\u0142am umowy z bran\u017cy IT i nowych technologii. Obs\u0142uguj\u0119 przedsi\u0119biorstwa budowlane, transportowe, oferuj\u0105ce us\u0142ugi informatyczne oraz z dziedziny pomiar\u00f3w elektrycznych, a tak\u017ce wsp\u00f3lnoty mieszkaniowe. Pomagam osobom fizycznym w sprawach odszkodowawczych, rodzinnych i spadkowych oraz w post\u0119powaniach z zakresu upad\u0142o\u015bci konsumenckiej.<\/p>\n\n\n\n<div style=\"height:20px\" aria-hidden=\"true\" class=\"wp-block-spacer\"><\/div>\n\n\n\n<p>Pos\u0142uguj\u0119 si\u0119 j\u0119zykiem angielskim.<\/p>\n\n\n\n<div style=\"height:20px\" aria-hidden=\"true\" class=\"wp-block-spacer\"><\/div>\n\n\n\n<p>Wolne chwile staram si\u0119 wykorzysta\u0107 w\u0119druj\u0105c po polskich g\u00f3rach.<\/p>\n\n\n\n<hr class=\"wp-block-separator has-text-color has-alpha-channel-opacity has-background\" style=\"background-color:#00556d;color:#00556d\"\/>\n<\/div>\n\n\n\n<div class=\"wp-block-column is-layout-flow wp-block-column-is-layout-flow\">\n<figure class=\"wp-block-image size-full\"><img loading=\"lazy\" decoding=\"async\" width=\"1707\" height=\"2560\" src=\"http:\/\/krp-zkch.ovh\/wp-content\/uploads\/2024\/10\/Kancelaria_Kostkiewicz_o_mnie-scaled.jpeg\" alt=\"\" class=\"wp-image-40\" srcset=\"https:\/\/kancelariakostkiewicz.pl\/wp-content\/uploads\/2024\/10\/Kancelaria_Kostkiewicz_o_mnie-scaled.jpeg 1707w, https:\/\/kancelariakostkiewicz.pl\/wp-content\/uploads\/2024\/10\/Kancelaria_Kostkiewicz_o_mnie-200x300.jpeg 200w, https:\/\/kancelariakostkiewicz.pl\/wp-content\/uploads\/2024\/10\/Kancelaria_Kostkiewicz_o_mnie-683x1024.jpeg 683w, https:\/\/kancelariakostkiewicz.pl\/wp-content\/uploads\/2024\/10\/Kancelaria_Kostkiewicz_o_mnie-768x1152.jpeg 768w, https:\/\/kancelariakostkiewicz.pl\/wp-content\/uploads\/2024\/10\/Kancelaria_Kostkiewicz_o_mnie-1024x1536.jpeg 1024w, https:\/\/kancelariakostkiewicz.pl\/wp-content\/uploads\/2024\/10\/Kancelaria_Kostkiewicz_o_mnie-1365x2048.jpeg 1365w\" sizes=\"auto, (max-width: 1707px) 100vw, 1707px\" \/><\/figure>\n<\/div>\n<\/div>\n\n\n\n<div style=\"height:100px\" aria-hidden=\"true\" class=\"wp-block-spacer\"><\/div>\n","protected":false},"excerpt":{"rendered":"<p>Zofia Kostkiewicz-Chulist absolwentka Wydzia\u0142u Prawa i Administracji na kierunku prawo oraz Studi\u00f3w Podyplomowych Prawa Gospodarczego i Handlowego Uniwersytetu Wroc\u0142awskiego radca prawny wpisana na list\u0119 Rady&hellip;<\/p>\n","protected":false},"author":1,"featured_media":0,"parent":0,"menu_order":0,"comment_status":"closed","ping_status":"closed","template":"","meta":{"footnotes":""},"class_list":["post-7","page","type-page","status-publish","hentry"],"_links":{"self":[{"href":"https:\/\/kancelariakostkiewicz.pl\/index.php\/wp-json\/wp\/v2\/pages\/7","targetHints":{"allow":["GET"]}}],"collection":[{"href":"https:\/\/kancelariakostkiewicz.pl\/index.php\/wp-json\/wp\/v2\/pages"}],"about":[{"href":"https:\/\/kancelariakostkiewicz.pl\/index.php\/wp-json\/wp\/v2\/types\/page"}],"author":[{"embeddable":true,"href":"https:\/\/kancelariakostkiewicz.pl\/index.php\/wp-json\/wp\/v2\/users\/1"}],"replies":[{"embeddable":true,"href":"https:\/\/kancelariakostkiewicz.pl\/index.php\/wp-json\/wp\/v2\/comments?post=7"}],"version-history":[{"count":12,"href":"https:\/\/kancelariakostkiewicz.pl\/index.php\/wp-json\/wp\/v2\/pages\/7\/revisions"}],"predecessor-version":[{"id":199,"href":"https:\/\/kancelariakostkiewicz.pl\/index.php\/wp-json\/wp\/v2\/pages\/7\/revisions\/199"}],"wp:attachment":[{"href":"https:\/\/kancelariakostkiewicz.pl\/index.php\/wp-json\/wp\/v2\/media?parent=7"}],"curies":[{"name":"wp","href":"https:\/\/api.w.org\/{rel}","templated":true}]}}