{"id":157,"date":"2024-10-16T19:49:59","date_gmt":"2024-10-16T19:49:59","guid":{"rendered":"https:\/\/krp-zkch.ovh\/?page_id=157"},"modified":"2024-12-04T23:22:55","modified_gmt":"2024-12-04T23:22:55","slug":"rodo","status":"publish","type":"page","link":"https:\/\/kancelariakostkiewicz.pl\/index.php\/rodo\/","title":{"rendered":"RODO"},"content":{"rendered":"\n<div style=\"height:50px\" aria-hidden=\"true\" class=\"wp-block-spacer\"><\/div>\n\n\n\n<h6 class=\"wp-block-heading\">Klauzula informacyjna o przetwarzaniu danych osobowych w Kancelarii Radcy Prawnego Zofii Kostkiewicz-Chulist, ul. Obywatelska 41B\/20, 65-736 Zielona G\u00f3ra<\/h6>\n\n\n\n<h6 class=\"wp-block-heading\">Dane osobowe zbierane przez Kancelari\u0119 przetwarzane s\u0105 na zasadach okre\u015blonych w rozporz\u0105dzeniu Parlamentu Europejskiego i Rady (UE) 2016\/679 z dnia 27 kwietnia 2016 r. w sprawie ochrony os\u00f3b fizycznych w zwi\u0105zku z przetwarzaniem danych osobowych i w sprawie swobodnego przep\u0142ywu takich danych oraz uchylenia dyrektywy 95\/46\/WE (dalej: RODO) oraz na zasadach okre\u015blonych w krajowych przepisach o ochronie danych osobowych.<\/h6>\n\n\n\n<h6 class=\"wp-block-heading\">Zgodnie z art. 13 ust. 1 i ust. 2 rozporz\u0105dzenia Parlamentu Europejskiego i Rady (UE) 2016\/679 z 27 kwietnia 2016 r. w sprawie ochrony os\u00f3b fizycznych w zwi\u0105zku z przetwarzaniem danych osobowych i w sprawie swobodnego przep\u0142ywu takich danych oraz uchylenia dyrektywy 95\/46\/WE (RODO), informujemy, i\u017c:<\/h6>\n\n\n\n<ol class=\"wp-block-list\">\n<li>administratorem Pana\/Pani danych osobowy jest Kancelaria Radcy Prawnego Zofia Kostkiewicz-Chulist, ul. Obywatelska 41B\/20, 65-736 Zielona G\u00f3ra, NIP: 929177469, REGON: 361893633,<\/li>\n\n\n\n<li>dane kontaktowe do Administratora: ul. Obywatelska 41B\/20, 65-736 Zielona G\u00f3ra, tel. 575133000, mail: biuro@kancelariakostkiewicz.pl,<\/li>\n\n\n\n<li>dane zbierane s\u0105 w celu \u015bwiadczenia us\u0142ug prawnych na rzecz Pani\/Pana,<\/li>\n\n\n\n<li>do danych zebranych przez Kancelari\u0119 na potrzeby post\u0119powa\u0144 przys\u0142uguje Pani\/Panu prawo dost\u0119pu do ich tre\u015bci, \u017c\u0105dania sprostowania, usuni\u0119cia lub ograniczenia przetwarzania, a tak\u017ce prawo sprzeciwu, za\u017c\u0105dania zaprzestania przetwarzania oraz prawo do wniesienia skargi do organu nadzorczego, tj. Prezesa Urz\u0119du Ochrony Danych Osobowych je\u015bli Pani\/Pana zdaniem, przetwarzanie danych osobowych narusza przepisy unijnego rozporz\u0105dzenia RODO,<\/li>\n\n\n\n<li>podanie danych jest dobrowolne, lecz niezb\u0119dne do \u015bwiadczenia us\u0142ug prawnych przez Kancelari\u0119 na rzecz Pani\/Pana,<\/li>\n\n\n\n<li>przys\u0142uguje Pani\/Panu prawo za\u017c\u0105dania zaprzestania przetwarzania danych oraz prawo do wniesienia skargi do Prezesa Urz\u0119du Ochrony Danych Osobowych, je\u015bli wed\u0142ug Pani\/Pana przetwarzanie danych osobowych narusza przepisy unijnego rozporz\u0105dzenia RODO,<\/li>\n\n\n\n<li>dane udost\u0119pnione przez Pani\u0105\/Pana b\u0119d\u0105 podlega\u0142y udost\u0119pnieniu tylko w zakresie koniecznym do osi\u0105gni\u0119cia celu zwi\u0105zanego z obs\u0142ug\u0105 prawn\u0105 Klienta Kancelarii,<\/li>\n\n\n\n<li>dane osobowe b\u0119d\u0105 przechowywane przez okres nie d\u0142u\u017cszy, ni\u017c jest to niezb\u0119dne do cel\u00f3w, dla kt\u00f3rych dane te s\u0105 przetwarzane, w szczeg\u00f3lno\u015bci do chwili wyga\u015bni\u0119cia lub rozwi\u0105zania umowy zawartej z Pani\u0105\/Panem lub do momentu wyga\u015bni\u0119cia obowi\u0105zk\u00f3w ci\u0105\u017c\u0105cych na Kancelarii na podstawie przepis\u00f3w prawa.<\/li>\n<\/ol>\n\n\n\n<div style=\"height:50px\" aria-hidden=\"true\" class=\"wp-block-spacer\"><\/div>\n\n\n\n<p><\/p>\n","protected":false},"excerpt":{"rendered":"<p>Klauzula informacyjna o przetwarzaniu danych osobowych w Kancelarii Radcy Prawnego Zofii Kostkiewicz-Chulist, ul. Obywatelska 41B\/20, 65-736 Zielona G\u00f3ra Dane osobowe zbierane przez Kancelari\u0119 przetwarzane s\u0105&hellip;<\/p>\n","protected":false},"author":1,"featured_media":0,"parent":0,"menu_order":0,"comment_status":"closed","ping_status":"closed","template":"","meta":{"footnotes":""},"class_list":["post-157","page","type-page","status-publish","hentry"],"_links":{"self":[{"href":"https:\/\/kancelariakostkiewicz.pl\/index.php\/wp-json\/wp\/v2\/pages\/157","targetHints":{"allow":["GET"]}}],"collection":[{"href":"https:\/\/kancelariakostkiewicz.pl\/index.php\/wp-json\/wp\/v2\/pages"}],"about":[{"href":"https:\/\/kancelariakostkiewicz.pl\/index.php\/wp-json\/wp\/v2\/types\/page"}],"author":[{"embeddable":true,"href":"https:\/\/kancelariakostkiewicz.pl\/index.php\/wp-json\/wp\/v2\/users\/1"}],"replies":[{"embeddable":true,"href":"https:\/\/kancelariakostkiewicz.pl\/index.php\/wp-json\/wp\/v2\/comments?post=157"}],"version-history":[{"count":1,"href":"https:\/\/kancelariakostkiewicz.pl\/index.php\/wp-json\/wp\/v2\/pages\/157\/revisions"}],"predecessor-version":[{"id":159,"href":"https:\/\/kancelariakostkiewicz.pl\/index.php\/wp-json\/wp\/v2\/pages\/157\/revisions\/159"}],"wp:attachment":[{"href":"https:\/\/kancelariakostkiewicz.pl\/index.php\/wp-json\/wp\/v2\/media?parent=157"}],"curies":[{"name":"wp","href":"https:\/\/api.w.org\/{rel}","templated":true}]}}